{"id":3,"date":"2021-08-03T15:49:27","date_gmt":"2021-08-03T13:49:27","guid":{"rendered":"http:\/\/agriprocess.com\/?page_id=3"},"modified":"2021-08-23T11:19:24","modified_gmt":"2021-08-23T09:19:24","slug":"politique-de-confidentialite","status":"publish","type":"page","link":"https:\/\/agriprocess.com\/index.php\/politique-de-confidentialite\/","title":{"rendered":"Mentions l\u00e9gales"},"content":{"rendered":"\n<p><strong>En vigueur au 23\/08\/2021<\/strong><\/p>\n\n\n\n<p><br>Conform\u00e9ment aux dispositions des Articles 6-III et 19 de la Loi n\u00b02004-575 du 21 juin 2004 pour la<br>Confiance dans l\u2019\u00e9conomie num\u00e9rique, dite L.C.E.N., il est port\u00e9 \u00e0 la connaissance des Utilisateurs du<br>site www.agriprocess.com les pr\u00e9sentes mentions l\u00e9gales.<\/p>\n\n\n\n<p><br>La connexion et la navigation sur le site (indiquer le nom du site) par l\u2019Utilisateur implique acceptation<br>int\u00e9grale et sans r\u00e9serve des pr\u00e9sentes mentions l\u00e9gales.<br>Ces derni\u00e8res sont accessibles sur le site \u00e0 la rubrique \u00ab Mentions l\u00e9gales \u00bb.<\/p>\n\n\n\n<p><br>ARTICLE 1 : L\u2019\u00e9diteur<br>L&#8217;\u00e9dition du site www.agriprocess.com est assur\u00e9e par la Soci\u00e9t\u00e9 SARL AGRIPROCESS, immatricul\u00e9e au RCS de Vienne sous le num\u00e9ro 484001250 dont le si\u00e8ge<br>social est situ\u00e9 au 1 MTE DES EPIES 38200 VIENNE.<br>adresse e-mail : info-contact@agriprocess.com.<br>N\u00b0 de TVA intracommunautaire : FR92484001250<br>Le Directeur de la publication est Luc DELORME<\/p>\n\n\n\n<p><br>ARTICLE 2 : L\u2019h\u00e9bergeur<br>L&#8217;h\u00e9bergeur du site www.agriprocess.com est la Soci\u00e9t\u00e9 OVH, dont le si\u00e8ge social est situ\u00e9 au 2 rue<br>Kellermann \u2013 BP 80157 59053 ROUBAIX CEDEX 1 , avec le num\u00e9ro de t\u00e9l\u00e9phone : 08 203 203 63.<\/p>\n\n\n\n<p><br>ARTICLE 3 : Acc\u00e8s au site<br>Le site est accessible par tout endroit, 7j\/7, 24h\/24 sauf cas de force majeure, interruption<br>programm\u00e9e ou non et pouvant d\u00e9coulant d\u2019une n\u00e9cessit\u00e9 de maintenance.<br>En cas de modification, interruption ou suspension des services le site www.agriprocess.com ne<br>saurait \u00eatre tenu responsable.<\/p>\n\n\n\n<p><br>ARTICLE 4 : Collecte des donn\u00e9es<br>Le site est exempt\u00e9 de d\u00e9claration \u00e0 la Commission Nationale Informatique et Libert\u00e9s (CNIL) dans la<br>mesure o\u00f9 il ne collecte aucune donn\u00e9e concernant les utilisateurs.<\/p>\n\n\n\n<p><br>ARTICLE 5 : Cookies<br>L\u2019Utilisateur est inform\u00e9 que lors de ses visites sur le site, un cookie peut s\u2019installer automatiquement<br>sur son logiciel de navigation.<br>En naviguant sur le site, il les accepte.<br>Un cookie est un \u00e9l\u00e9ment qui ne permet pas d\u2019identifier l\u2019Utilisateur mais sert \u00e0 enregistrer des<br>informations relatives \u00e0 la navigation de celui-ci sur le site Internet. L\u2019Utilisateur pourra d\u00e9sactiver ce<br>cookie par l\u2019interm\u00e9diaire des param\u00e8tres figurant au sein de son logiciel de navigation.<\/p>\n\n\n\n<p><br>ARTICLE 6 : Propri\u00e9t\u00e9 intellectuelle<br>Toute utilisation, reproduction, diffusion, commercialisation, modification de toute ou partie du site<br>www.agriprocess.com, sans autorisation de l\u2019\u00c9diteur est prohib\u00e9e et pourra entra\u00eener des actions et<br>poursuites judiciaires telles que notamment pr\u00e9vues par le Code de la propri\u00e9t\u00e9 intellectuelle et le<br>Code civil.<\/p>\n","protected":false},"excerpt":{"rendered":"<p>En vigueur au 23\/08\/2021 Conform\u00e9ment aux dispositions des Articles 6-III et 19 de la Loi n\u00b02004-575 du 21 juin 2004 pour laConfiance dans l\u2019\u00e9conomie num\u00e9rique, dite L.C.E.N., il est port\u00e9 \u00e0 la connaissance des Utilisateurs dusite www.agriprocess.com les pr\u00e9sentes mentions l\u00e9gales. La connexion et la navigation sur le site (indiquer le nom du site) par [&hellip;]<\/p>\n","protected":false},"author":1,"featured_media":0,"parent":0,"menu_order":0,"comment_status":"closed","ping_status":"closed","template":"","meta":{"spay_email":""},"_links":{"self":[{"href":"https:\/\/agriprocess.com\/index.php\/wp-json\/wp\/v2\/pages\/3"}],"collection":[{"href":"https:\/\/agriprocess.com\/index.php\/wp-json\/wp\/v2\/pages"}],"about":[{"href":"https:\/\/agriprocess.com\/index.php\/wp-json\/wp\/v2\/types\/page"}],"author":[{"embeddable":true,"href":"https:\/\/agriprocess.com\/index.php\/wp-json\/wp\/v2\/users\/1"}],"replies":[{"embeddable":true,"href":"https:\/\/agriprocess.com\/index.php\/wp-json\/wp\/v2\/comments?post=3"}],"version-history":[{"count":4,"href":"https:\/\/agriprocess.com\/index.php\/wp-json\/wp\/v2\/pages\/3\/revisions"}],"predecessor-version":[{"id":180,"href":"https:\/\/agriprocess.com\/index.php\/wp-json\/wp\/v2\/pages\/3\/revisions\/180"}],"wp:attachment":[{"href":"https:\/\/agriprocess.com\/index.php\/wp-json\/wp\/v2\/media?parent=3"}],"curies":[{"name":"wp","href":"https:\/\/api.w.org\/{rel}","templated":true}]}}